hat is the thousands digit of 53391645?
1
What is the ten thousands digit of 604409836?
0
What is the hundred millions digit of 825296190?
8
What is the ten millions digit of 4841502193?
4
What is the tens digit of 374629?
2
What is the hundred thousands digit of 203359855?
3
What is the millions digit of 4758648?
4
What is the units digit of 834571190?
0
What is the thousands digit of 5216075126?
5
What is the ten thousands digit of 63666602?
6
What is the ten millions digit of 86506356?
8
What is the tens digit of 74869591?
9
What is the millions digit of 105287608?
5
What is the units digit of 894964466?
6
What is the ten millions digit of 75878539?
7
What is the tens digit of 2246228?
2
What is the tens digit of 40480862?
6
What is the thousands digit of 3736104345?
4
What is the hundred thousands digit of 87936524?
9
What is the ten thousands digit of 78102985?
0
What is the units digit of 261918913?
3
What is the hundreds digit of 1286774833?
8
What is the units digit of 1049642923?
3
What is the millions digit of 1088162806?
8
What is the ten millions digit of 557971234?
5
What is the hundred millions digit of 113490161?
1
What is the ten thousands digit of 128542679?
4
What is the tens digit of 1595042433?
3
What is the millions digit of 753688389?
3
What is the hundred millions digit of 520974160?
5
What is the hundred millions digit of 2386289808?
3
What is the hundred millions digit of 589565984?
5
What is the millions digit of 88104547?
8
What is the hundreds digit of 29647199?
1
What is the thousands digit of 35067111?
7
What is the ten millions digit of 346718272?
4
What is the tens digit of 347231007?
0
What is the ten millions digit of 937870526?
3
What is the hundred thousands digit of 333762808?
7
What is the ten millions digit of 115583441?
1
What is the hundred thousands digit of 12203804?
2
What is the tens digit of 42539040?
4
What is the millions digit of 129676847?
9
What is the tens digit of 10523201?
0
What is the thousands digit of 30814108?
4
What is the thousands digit of 1591020079?
0
What is the tens digit of 301407224?
2
What is the tens digit of 5795164?
6
What is the hundred millions digit of 1380735164?
3
What is the hundred thousands digit of 2482523246?
5
What is the tens digit of 98280963?
6
What is the units digit of 67143240?
0
What is the ten millions digit of 23174000?
2
What is the hundred millions digit of 134342605?
1
What is the ten thousands digit of 15034989?
3
What is the hundred thousands digit of 727966167?
9
What is the thousands digit of 25263659?
3
What is the thousands digit of 135809230?
9
What is the tens digit of 250945121?
2
What is the millions digit of 1228259935?
8
What is the ten millions digit of 18287220?
1
What is the hundred thousands digit of 5207180982?
1
What is the thousands digit of 796493475?
3
What is the units digit of 485691705?
5
What is the thousands digit of 269937?
9
What is the ten thousands digit of 219091688?
9
What is the units digit of 287465181?
1
What is the ten thousands digit of 2736787?
3
What is the billions digit of 5160947415?
5
What is the millions digit of 765596044?
5
What is the hundred millions digit of 2277079899?
2
What is the ten thousands digit of 12168301?
6
What is the ten thousands digit of 823658534?
5
What is the thousands digit of 1267134689?
4
What is the ten millions digit of 402267721?
0
What is the billions digit of 4380200934?
4
What is the hundreds digit of 102751578?
5
What is the tens digit of 367026718?
1
What is the units digit of 39014654?
4
What is the millions digit of 1304691455?
4
What is the ten thousands digit of 612341636?
4
What is the billions digit of 2294075794?
2
What is the units digit of 1106957006?
6
What is the thousands digit of 2563804768?
4
What is the ten millions digit of 287349401?
8
What is the ten millions digit of 1684704589?
8
What is the units digit of 358333523?
3
What is the ten millions digit of 259189293?
5
What is the tens digit of 700586879?
7
What is the ten thousands digit of 46346602?
4
What is the hundreds digit of 24327573?
5
What is the ten millions digit of 6006908875?
0
What is the hundreds digit of 163945109?
1
What is the hundred thousands digit of 179599576?
5
What is the hundred thousands digit of 119059593?
0
What is the ten millions digit of 75416003?
7
What is the thousands digit of 3349562445?
2
What is the ten millions digit of 713391294?
1
What is the units digit of 57299580?
0
What is the billions digit of 1438882623?
1
What is the units digit of 34924542?
2
What is the ten thousands digit of 77447365?
4
What is the millions digit of 36017976?
6
What is the hundred thousands digit of 29724779?
7
What is the tens digit of 227759836?
3
What is the thousands digit of 3070854831?
4
What is the hundred millions digit of 1337016748?
3
What is the tens digit of 20248125?
2
What is the units digit of 15327503?
3
What is the hundreds digit of 394824449?
4
What is the ten thousands digit of 86324626?
2
What is the hundred thousands digit of 654284879?
2
What is the millions digit of 4156484283?
6
What is the ten millions digit of 25156819?
2
What is the hundred thousands digit of 895546721?
5
What is the units digit of 336107095?
5
What is the ten thousands digit of 209063638?
6
What is the thousands digit of 79073570?
3
What is the ten thousands digit of 70099964?
9
What is the millions digit of 2686430647?
6
What is the hundreds digit of 167075519?
5
What is the hundred thousands digit of 207666011?
6
What is the ten millions digit of 2991379711?
9
What is the millions digit of 396766030?
6
What is the hundreds digit of 1749406848?
8
What is the ten millions digit of 1667671787?
6
What is the hundreds digit of 37884914?
9
What is the ten thousands digit of 52609525?
0
What is the units digit of 32962078?
8
What is the thousands digit of 93790411?
0
What is the units digit of 14693765?
5
What is the units digit of 98089370?
0
What is the tens digit of 3640587874?
7
What is the hundred thousands digit of 240320140?
3
What is the thousands digit of 432825339?
5
What is the units digit of 3457406309?
9
What is the hundreds digit of 386296797?
7
What is the ten millions digit of 2764940301?
6
What is the units digit of 174542278?
8
What is the millions digit of 6870961424?
0
What is the hundred thousands digit of 4214342774?
3
What is the hundreds digit of 281251081?
0
What is the hundred thousands digit of 443477232?
4
What is the millions digit of 207817850?
7
What is the hundred millions digit of 465130750?
4
What is the units digit of 911703691?
1
What is the ten thousands digit of 24557902?
5
What is the units digit of 3520161798?
8
What is the thousands digit of 2387747213?
7
What is the hundreds digit of 3077127601?
6
What is the tens digit of 58110903?
0
What is the hundred millions digit of 648722952?
6
What is the hundred millions digit of 1793192037?
7
What is the tens digit of 90821018?
1
What is the hundred millions digit of 494809652?
4
What is the tens digit of 62009100?
0
What is the tens digit of 163057696?
9
What is the tens digit of 1122934600?
0
What is the hundreds digit of 37062758?
7
What is the ten thousands digit of 21815071?
1
What is the tens digit of 289773895?
9
What is the ten millions digit of 317749662?
1
What is the units digit of 51728256?
6
What is the ten millions digit of 57125612?
5
What is the ten thousands digit of 403434709?
3
What is the hundred thousands digit of 8396513?
3
What is the hundred thousands digit of 41112804?
1
What is the ten millions digit of 2692223290?
9
What is the hundreds digit of 42314839?
8
What is the millions digit of 54457197?
4
What is the ten thousands digit of 279063665?
6
What is the millions digit of 78515073?
8
What is the hundreds digit of 87756245?
2
What is the hundreds digit of 547660238?
2
What is the hundred millions digit of 182301394?
1
What is the hundred millions digit of 487737693?
4
What is the units digit of 1547931780?
0
What is the hundreds digit of 282233878?
8
What is the hundreds digit of 55905208?
2
What is the hundred millions digit of 650558623?
6
What is the ten millions digit of 69218090?
6
What is the ten thousands digit of 27081004?
8
What is the hundreds digit of 1495798168?
1
What is 